{"version":"1.0","provider_name":"Websupport blog","provider_url":"https:\/\/www.websupport.sk\/blog","author_name":"T\u00edm Websupport","author_url":"https:\/\/www.websupport.sk\/blog\/author\/admin\/","title":"PODCAST: Pr\u00e1vo a svet technol\u00f3gi\u00ed (Eva Schin) - Websupport blog","type":"rich","width":600,"height":338,"html":"<blockquote class=\"wp-embedded-content\" data-secret=\"4UNJDzIRaL\"><a href=\"https:\/\/www.websupport.sk\/blog\/2019\/11\/podcast-pravo-a-svet-technologii-eva-schin\/\">PODCAST: Pr\u00e1vo a svet technol\u00f3gi\u00ed (Eva Schin)<\/a><\/blockquote><iframe sandbox=\"allow-scripts\" security=\"restricted\" src=\"https:\/\/www.websupport.sk\/blog\/2019\/11\/podcast-pravo-a-svet-technologii-eva-schin\/embed\/#?secret=4UNJDzIRaL\" width=\"600\" height=\"338\" title=\"&#8220;PODCAST: Pr\u00e1vo a svet technol\u00f3gi\u00ed (Eva Schin)&#8221; &#8212; Websupport blog\" data-secret=\"4UNJDzIRaL\" frameborder=\"0\" marginwidth=\"0\" marginheight=\"0\" scrolling=\"no\" class=\"wp-embedded-content\"><\/iframe><script>\n\/*! This file is auto-generated *\/\n!function(d,l){\"use strict\";l.querySelector&&d.addEventListener&&\"undefined\"!=typeof URL&&(d.wp=d.wp||{},d.wp.receiveEmbedMessage||(d.wp.receiveEmbedMessage=function(e){var t=e.data;if((t||t.secret||t.message||t.value)&&!\/[^a-zA-Z0-9]\/.test(t.secret)){for(var s,r,n,a=l.querySelectorAll('iframe[data-secret=\"'+t.secret+'\"]'),o=l.querySelectorAll('blockquote[data-secret=\"'+t.secret+'\"]'),c=new RegExp(\"^https?:$\",\"i\"),i=0;i<o.length;i++)o[i].style.display=\"none\";for(i=0;i<a.length;i++)s=a[i],e.source===s.contentWindow&&(s.removeAttribute(\"style\"),\"height\"===t.message?(1e3<(r=parseInt(t.value,10))?r=1e3:~~r<200&&(r=200),s.height=r):\"link\"===t.message&&(r=new URL(s.getAttribute(\"src\")),n=new URL(t.value),c.test(n.protocol))&&n.host===r.host&&l.activeElement===s&&(d.top.location.href=t.value))}},d.addEventListener(\"message\",d.wp.receiveEmbedMessage,!1),l.addEventListener(\"DOMContentLoaded\",function(){for(var e,t,s=l.querySelectorAll(\"iframe.wp-embedded-content\"),r=0;r<s.length;r++)(t=(e=s[r]).getAttribute(\"data-secret\"))||(t=Math.random().toString(36).substring(2,12),e.src+=\"#?secret=\"+t,e.setAttribute(\"data-secret\",t)),e.contentWindow.postMessage({message:\"ready\",secret:t},\"*\")},!1)))}(window,document);\n\/\/# sourceURL=https:\/\/www.websupport.sk\/blog\/wp\/wp-includes\/js\/wp-embed.min.js\n<\/script>\n","thumbnail_url":"https:\/\/www.websupport.sk\/blog\/app\/uploads\/sites\/2\/2019\/05\/BP-Podcasty.jpg","thumbnail_width":1921,"thumbnail_height":1081,"description":"Technol\u00f3gie menia v\u0161etky sektory a pr\u00e1vo rozhodne nie je v\u00fdnimkou. Pr\u00e1vne ot\u00e1zky s\u00favisiace s technol\u00f3giami sa t\u00fdkaj\u00fa ka\u017ed\u00e9ho online projektu, eshopu, aplik\u00e1cie \u010di softv\u00e9ru. Eva Schin, zakladaj\u00faca a managing partnerka advok\u00e1tskej kancel\u00e1rie SCHIN &amp; MAJD\u00daCH legal, m\u00e1 za sebou viac ako 13 rokov praxe v advok\u00e1cii. Spolupracovala so slovensk\u00fdmi aj medzin\u00e1rodn\u00fdmi advok\u00e1tskymi kancel\u00e1riami so \u0161irok\u00fdm [&hellip;]"}

Tím Websupport

PODCAST: Právo a svet technológií (Eva Schin) - Websupport blog

<blockquote class="wp-embedded-content" data-secret="4UNJDzIRaL"><a href="https://www.websupport.sk/blog/2019/11/podcast-pravo-a-svet-technologii-eva-schin/">PODCAST: Právo a svet technológií (Eva Schin)</a></blockquote><iframe sandbox="allow-scripts" security="restricted" src="https://www.websupport.sk/blog/2019/11/podcast-pravo-a-svet-technologii-eva-schin/embed/#?secret=4UNJDzIRaL" width="600" height="338" title="&#8220;PODCAST: Právo a svet technológií (Eva Schin)&#8221; &#8212; Websupport blog" data-secret="4UNJDzIRaL" frameborder="0" marginwidth="0" marginheight="0" scrolling="no" class="wp-embedded-content"></iframe><script>
/*! This file is auto-generated */
!function(d,l){"use strict";l.querySelector&&d.addEventListener&&"undefined"!=typeof URL&&(d.wp=d.wp||{},d.wp.receiveEmbedMessage||(d.wp.receiveEmbedMessage=function(e){var t=e.data;if((t||t.secret||t.message||t.value)&&!/[^a-zA-Z0-9]/.test(t.secret)){for(var s,r,n,a=l.querySelectorAll('iframe[data-secret="'+t.secret+'"]'),o=l.querySelectorAll('blockquote[data-secret="'+t.secret+'"]'),c=new RegExp("^https?:$","i"),i=0;i<o.length;i++)o[i].style.display="none";for(i=0;i<a.length;i++)s=a[i],e.source===s.contentWindow&&(s.removeAttribute("style"),"height"===t.message?(1e3<(r=parseInt(t.value,10))?r=1e3:~~r<200&&(r=200),s.height=r):"link"===t.message&&(r=new URL(s.getAttribute("src")),n=new URL(t.value),c.test(n.protocol))&&n.host===r.host&&l.activeElement===s&&(d.top.location.href=t.value))}},d.addEventListener("message",d.wp.receiveEmbedMessage,!1),l.addEventListener("DOMContentLoaded",function(){for(var e,t,s=l.querySelectorAll("iframe.wp-embedded-content"),r=0;r<s.length;r++)(t=(e=s[r]).getAttribute("data-secret"))||(t=Math.random().toString(36).substring(2,12),e.src+="#?secret="+t,e.setAttribute("data-secret",t)),e.contentWindow.postMessage({message:"ready",secret:t},"*")},!1)))}(window,document);
//# sourceURL=https://www.websupport.sk/blog/wp/wp-includes/js/wp-embed.min.js
</script>

Technológie menia všetky sektory a právo rozhodne nie je výnimkou. Právne otázky súvisiace s technológiami sa týkajú každého online projektu, eshopu, aplikácie či softvéru. Eva Schin, zakladajúca a managing partnerka advokátskej kancelárie SCHIN &amp; MAJDÚCH legal, má za sebou viac ako 13 rokov praxe v advokácii. Spolupracovala so slovenskými aj medzinárodnými advokátskymi kanceláriami so širokým [&hellip;]
