{"version":"1.0","provider_name":"Websupport blog","provider_url":"https:\/\/www.websupport.sk\/blog","author_name":"Barbora Ili\u0107","author_url":"https:\/\/www.websupport.sk\/blog\/author\/barbora-ilic\/","title":"Kam sa oplat\u00ed \u00eds\u0165: Eventy pre market\u00e9rov - Websupport blog","type":"rich","width":600,"height":338,"html":"<blockquote class=\"wp-embedded-content\" data-secret=\"v9k72x5hdu\"><a href=\"https:\/\/www.websupport.sk\/blog\/2018\/01\/eventy-marketing-zima-2018\/\">Kam sa oplat\u00ed \u00eds\u0165: Eventy pre market\u00e9rov<\/a><\/blockquote><iframe sandbox=\"allow-scripts\" security=\"restricted\" src=\"https:\/\/www.websupport.sk\/blog\/2018\/01\/eventy-marketing-zima-2018\/embed\/#?secret=v9k72x5hdu\" width=\"600\" height=\"338\" title=\"&#8220;Kam sa oplat\u00ed \u00eds\u0165: Eventy pre market\u00e9rov&#8221; &#8212; Websupport blog\" data-secret=\"v9k72x5hdu\" frameborder=\"0\" marginwidth=\"0\" marginheight=\"0\" scrolling=\"no\" class=\"wp-embedded-content\"><\/iframe><script>\n\/*! This file is auto-generated *\/\n!function(d,l){\"use strict\";l.querySelector&&d.addEventListener&&\"undefined\"!=typeof URL&&(d.wp=d.wp||{},d.wp.receiveEmbedMessage||(d.wp.receiveEmbedMessage=function(e){var t=e.data;if((t||t.secret||t.message||t.value)&&!\/[^a-zA-Z0-9]\/.test(t.secret)){for(var s,r,n,a=l.querySelectorAll('iframe[data-secret=\"'+t.secret+'\"]'),o=l.querySelectorAll('blockquote[data-secret=\"'+t.secret+'\"]'),c=new RegExp(\"^https?:$\",\"i\"),i=0;i<o.length;i++)o[i].style.display=\"none\";for(i=0;i<a.length;i++)s=a[i],e.source===s.contentWindow&&(s.removeAttribute(\"style\"),\"height\"===t.message?(1e3<(r=parseInt(t.value,10))?r=1e3:~~r<200&&(r=200),s.height=r):\"link\"===t.message&&(r=new URL(s.getAttribute(\"src\")),n=new URL(t.value),c.test(n.protocol))&&n.host===r.host&&l.activeElement===s&&(d.top.location.href=t.value))}},d.addEventListener(\"message\",d.wp.receiveEmbedMessage,!1),l.addEventListener(\"DOMContentLoaded\",function(){for(var e,t,s=l.querySelectorAll(\"iframe.wp-embedded-content\"),r=0;r<s.length;r++)(t=(e=s[r]).getAttribute(\"data-secret\"))||(t=Math.random().toString(36).substring(2,12),e.src+=\"#?secret=\"+t,e.setAttribute(\"data-secret\",t)),e.contentWindow.postMessage({message:\"ready\",secret:t},\"*\")},!1)))}(window,document);\n\/\/# sourceURL=https:\/\/www.websupport.sk\/blog\/wp\/wp-includes\/js\/wp-embed.min.js\n<\/script>\n","thumbnail_url":"https:\/\/www.websupport.sk\/blog\/app\/uploads\/sites\/2\/2018\/01\/marketeri2.jpg","thumbnail_width":1920,"thumbnail_height":1920,"description":"Za\u010dnite nov\u00fd rok s nov\u00fdmi vedomos\u0165ami. Vybrali sme pre v\u00e1s top marketingov\u00e9 podujatia, ktor\u00fdch sa m\u00f4\u017eete z\u00fa\u010dastni\u0165 od janu\u00e1ra do marca 2018 v r\u00f4znych eur\u00f3pskych krajin\u00e1ch. Janu\u00e1r Superweek, Budape\u0161\u0165 (29.1. &#8211; 2.2. 2018) Zameranie konferencie: analytika, data, AI Cena: od 260 \u20ac + DPH za de\u0148 konferencie Ecommerce Expo, Praha (30.1. 2018) Zameranie konferencie: ecommerce [&hellip;]"}

Barbora Ilić

Kam sa oplatí ísť: Eventy pre marketérov - Websupport blog

<blockquote class="wp-embedded-content" data-secret="v9k72x5hdu"><a href="https://www.websupport.sk/blog/2018/01/eventy-marketing-zima-2018/">Kam sa oplatí ísť: Eventy pre marketérov</a></blockquote><iframe sandbox="allow-scripts" security="restricted" src="https://www.websupport.sk/blog/2018/01/eventy-marketing-zima-2018/embed/#?secret=v9k72x5hdu" width="600" height="338" title="&#8220;Kam sa oplatí ísť: Eventy pre marketérov&#8221; &#8212; Websupport blog" data-secret="v9k72x5hdu" frameborder="0" marginwidth="0" marginheight="0" scrolling="no" class="wp-embedded-content"></iframe><script>
/*! This file is auto-generated */
!function(d,l){"use strict";l.querySelector&&d.addEventListener&&"undefined"!=typeof URL&&(d.wp=d.wp||{},d.wp.receiveEmbedMessage||(d.wp.receiveEmbedMessage=function(e){var t=e.data;if((t||t.secret||t.message||t.value)&&!/[^a-zA-Z0-9]/.test(t.secret)){for(var s,r,n,a=l.querySelectorAll('iframe[data-secret="'+t.secret+'"]'),o=l.querySelectorAll('blockquote[data-secret="'+t.secret+'"]'),c=new RegExp("^https?:$","i"),i=0;i<o.length;i++)o[i].style.display="none";for(i=0;i<a.length;i++)s=a[i],e.source===s.contentWindow&&(s.removeAttribute("style"),"height"===t.message?(1e3<(r=parseInt(t.value,10))?r=1e3:~~r<200&&(r=200),s.height=r):"link"===t.message&&(r=new URL(s.getAttribute("src")),n=new URL(t.value),c.test(n.protocol))&&n.host===r.host&&l.activeElement===s&&(d.top.location.href=t.value))}},d.addEventListener("message",d.wp.receiveEmbedMessage,!1),l.addEventListener("DOMContentLoaded",function(){for(var e,t,s=l.querySelectorAll("iframe.wp-embedded-content"),r=0;r<s.length;r++)(t=(e=s[r]).getAttribute("data-secret"))||(t=Math.random().toString(36).substring(2,12),e.src+="#?secret="+t,e.setAttribute("data-secret",t)),e.contentWindow.postMessage({message:"ready",secret:t},"*")},!1)))}(window,document);
//# sourceURL=https://www.websupport.sk/blog/wp/wp-includes/js/wp-embed.min.js
</script>

Začnite nový rok s novými vedomosťami. Vybrali sme pre vás top marketingové podujatia, ktorých sa môžete zúčastniť od januára do marca 2018 v rôznych európskych krajinách. Január Superweek, Budapešť (29.1. &#8211; 2.2. 2018) Zameranie konferencie: analytika, data, AI Cena: od 260 € + DPH za deň konferencie Ecommerce Expo, Praha (30.1. 2018) Zameranie konferencie: ecommerce [&hellip;]
